{"id":425,"date":"2008-05-05T17:40:12","date_gmt":"2008-05-05T15:40:12","guid":{"rendered":"http:\/\/yazhou.free.fr\/lilimao\/blog\/?page_id=3"},"modified":"2008-05-05T17:40:12","modified_gmt":"2008-05-05T15:40:12","slug":"couleur-du-printemps","status":"publish","type":"page","link":"http:\/\/blog.lilicat.com\/?page_id=425","title":{"rendered":"Couleur du Printemps"},"content":{"rendered":"<p>Si tu me demandes comment je t&rsquo;aime,<br \/>\nTu n&rsquo;as qu&rsquo;\u00e0 \u00e9couter ton coeur<br \/>\nQui bat,<br \/>\nQui crie,<br \/>\nQui pleure,<br \/>\nQui languit<br \/>\nPour moi.<\/p>\n<p>Moi &#8211; &#8211;<br \/>\nJe t&rsquo;accompagnerai<br \/>\nM\u00eame apr\u00e8s la fin du monde!<\/p>\n","protected":false},"excerpt":{"rendered":"<p>Si tu me demandes comment je t&rsquo;aime, Tu n&rsquo;as qu&rsquo;\u00e0 \u00e9couter ton coeur Qui bat, Qui crie, Qui pleure, Qui languit Pour moi. Moi &#8211; &#8211; Je t&rsquo;accompagnerai M\u00eame apr\u00e8s la fin du monde!<\/p>\n","protected":false},"author":1,"featured_media":0,"parent":0,"menu_order":2,"comment_status":"open","ping_status":"open","template":"","meta":{"footnotes":""},"class_list":["post-425","page","type-page","status-publish","hentry"],"_links":{"self":[{"href":"http:\/\/blog.lilicat.com\/index.php?rest_route=\/wp\/v2\/pages\/425","targetHints":{"allow":["GET"]}}],"collection":[{"href":"http:\/\/blog.lilicat.com\/index.php?rest_route=\/wp\/v2\/pages"}],"about":[{"href":"http:\/\/blog.lilicat.com\/index.php?rest_route=\/wp\/v2\/types\/page"}],"author":[{"embeddable":true,"href":"http:\/\/blog.lilicat.com\/index.php?rest_route=\/wp\/v2\/users\/1"}],"replies":[{"embeddable":true,"href":"http:\/\/blog.lilicat.com\/index.php?rest_route=%2Fwp%2Fv2%2Fcomments&post=425"}],"version-history":[{"count":0,"href":"http:\/\/blog.lilicat.com\/index.php?rest_route=\/wp\/v2\/pages\/425\/revisions"}],"wp:attachment":[{"href":"http:\/\/blog.lilicat.com\/index.php?rest_route=%2Fwp%2Fv2%2Fmedia&parent=425"}],"curies":[{"name":"wp","href":"https:\/\/api.w.org\/{rel}","templated":true}]}}